{"id":5903,"date":"2023-09-25T11:43:32","date_gmt":"2023-09-25T11:43:32","guid":{"rendered":"https:\/\/naturalbotaniclaceiba.com\/?post_type=product&#038;p=5903"},"modified":"2025-02-06T21:02:37","modified_gmt":"2025-02-06T21:02:37","slug":"exotique-tribulus-complex","status":"publish","type":"product","link":"https:\/\/naturalbotaniclaceiba.com\/index.php\/product\/exotique-tribulus-complex\/","title":{"rendered":"Exotique Tribulus Complex"},"content":{"rendered":"<h3><b>Beneficios:<\/b><\/h3>\n<p>Vigoriza la actividad sexual masculina<br \/>\nUna potente combinaci\u00f3n de concentrados de las plantas Tribulus, Ginseng coreano<br \/>\ny Gingko biloba, asociados a Zinc, Selenio y Vitamina E.<\/p>\n<p>Exotique Tribulus Complex es un excelente suplemento para hombres que quieran<br \/>\ncontribuir a su rendimiento sexual.<\/p>\n<p>Sus principales bioactivosson las saponinas, especialmente la protodioscina.<br \/>\nEstos activos contenidos enExotique Tribulus Complexest\u00e1n estandarizados. As\u00ed,<br \/>\nel Tribulus (Tribulus terrestris) de este suplemento est\u00e1 estandarizado en 140mg de<br \/>\nsaponinas y 70mg de protodioscina procedentes del concentrado del fruto.<\/p>\n<p>&nbsp;<\/p>\n<h3><b>Contraindicaciones:<\/b><\/h3>\n<p>&nbsp;<\/p>\n","protected":false},"excerpt":{"rendered":"<h3><b>Composici\u00f3n:<\/b><\/h3>\n<p><strong>Zinc y Selenio<\/strong><br \/>\nEl Zinc y el Selenio, contribuyen a la normal fertilidad y reproducci\u00f3n, al<br \/>\nmantenimiento de niveles normales de testosterona en sangre, y a la normal<br \/>\nespermatog\u00e9nesis,respectivamente (EFSA).<br \/>\n<strong>Tribulus<\/strong><br \/>\nEl Tribulus contribuye a una funci\u00f3n sexual normal (EFSA ON HOLD 2831).<br \/>\nEl Tribulus terrestris es una planta herb\u00e1cea, perenne, natural de la regi\u00f3n<br \/>\nmediterr\u00e1nea que tiene un amplio historial de uso en el herbolario tradicional para el<br \/>\n\u00e1rea sexual.<br \/>\nSus principales bioactivosson las saponinas, especialmente la protodioscina.<br \/>\nEstos activos contenidos enExotique Tribulus Complexest\u00e1n estandarizados. As\u00ed,<br \/>\nel Tribulus (Tribulus terrestris) de este suplemento est\u00e1 estandarizado en 140mg de<br \/>\nsaponinas y 70mg de protodioscina procedentes del concentrado del fruto.<br \/>\n<strong>Ginseng<\/strong><br \/>\nEl Ginseng contribuye al desempe\u00f1o f\u00edsico, adem\u00e1s de ayudar al mantenimiento<br \/>\nde satisfactorias relaciones sexuales (EFSA ON<br \/>\nHOLD2808,2672,2671,3674,2676,3677).<br \/>\nEl Ginseng coreano es la ra\u00edz de una planta perenne de origen asi\u00e1tico Panax<br \/>\nginseng, que deriva de las palabras griegas &#8216;pan&#8217;, que significa todo y &#8216;axos&#8217; que<br \/>\nsignifica cura, y se ha utilizado por m\u00e1s de 500 a\u00f1os en las culturas asi\u00e1ticas como<br \/>\nt\u00f3nico revitalizante.<br \/>\nLos principales activos del Ginseng son los ginsen\u00f3sidos. Estos activos contenidos<br \/>\nen Exotique Tribulus Complexest\u00e1n estandarizados. As\u00ed, el Ginseng coreano de<br \/>\neste suplemento equivale a 150 mg de ra\u00edz y un contenido m\u00ednimo de 10% de<br \/>\nginsen\u00f3sidos.<br \/>\n<strong>Ginkgo biloba<\/strong><br \/>\nEl Ginkgo biloba contribuye almantenimiento de una circulaci\u00f3n<br \/>\nsangu\u00edneanormal (EFSA ON HOLD4304,2261).<\/p>\n<p>El Ginkgo biloba es una planta originaria de China donde se ha utilizado en el<br \/>\nherbolario tradicional para el bienestar cardiovascular.<br \/>\nEste suplemento contiene los principales activos del Ginkgo biloba en un<br \/>\nconcentrado de sus hojas estandarizado en un contenido m\u00ednimo del 24% en<br \/>\ngluc\u00f3sidos de flavonol y 6% en terpenolactona.<br \/>\n<strong>Vitamina E natural<\/strong><br \/>\nLa vitamina E contribuye a la protecci\u00f3n celular del estr\u00e9s oxidativo (EFSA).<\/p>\n<h3><b>Presentaci\u00f3n:<\/b><\/h3>\n<ul>\n<li>Capsulas<\/li>\n<\/ul>\n<h3><b>Dosis:<\/b><\/h3>\n<ul>\n<li>Exotique Tribulus Complex es un excelente suplemento para hombres que<br \/>\nquieran contribuir a su rendimiento sexual, al normal mantenimiento de la<br \/>\nfertilidad y la reproducci\u00f3n, al mantenimiento normal de los niveles de<br \/>\ntestosterona, benefici\u00e1ndose del efecto antioxidante.<\/li>\n<\/ul>\n","protected":false},"featured_media":5905,"template":"","meta":{"site-sidebar-layout":"default","site-content-layout":"default","ast-site-content-layout":"default","site-content-style":"default","site-sidebar-style":"default","ast-global-header-display":"","ast-banner-title-visibility":"","ast-main-header-display":"","ast-hfb-above-header-display":"","ast-hfb-below-header-display":"","ast-hfb-mobile-header-display":"","site-post-title":"","ast-breadcrumbs-content":"","ast-featured-img":"","footer-sml-layout":"","theme-transparent-header-meta":"default","adv-header-id-meta":"","stick-header-meta":"","header-above-stick-meta":"","header-main-stick-meta":"","header-below-stick-meta":"","astra-migrate-meta-layouts":"default","ast-page-background-enabled":"default","ast-page-background-meta":{"desktop":{"background-color":"","background-image":"","background-repeat":"repeat","background-position":"center center","background-size":"auto","background-attachment":"scroll","background-type":"","background-media":"","overlay-type":"","overlay-color":"","overlay-opacity":"","overlay-gradient":""},"tablet":{"background-color":"","background-image":"","background-repeat":"repeat","background-position":"center center","background-size":"auto","background-attachment":"scroll","background-type":"","background-media":"","overlay-type":"","overlay-color":"","overlay-opacity":"","overlay-gradient":""},"mobile":{"background-color":"","background-image":"","background-repeat":"repeat","background-position":"center center","background-size":"auto","background-attachment":"scroll","background-type":"","background-media":"","overlay-type":"","overlay-color":"","overlay-opacity":"","overlay-gradient":""}},"ast-content-background-meta":{"desktop":{"background-color":"var(--ast-global-color-5)","background-image":"","background-repeat":"repeat","background-position":"center center","background-size":"auto","background-attachment":"scroll","background-type":"","background-media":"","overlay-type":"","overlay-color":"","overlay-opacity":"","overlay-gradient":""},"tablet":{"background-color":"var(--ast-global-color-5)","background-image":"","background-repeat":"repeat","background-position":"center center","background-size":"auto","background-attachment":"scroll","background-type":"","background-media":"","overlay-type":"","overlay-color":"","overlay-opacity":"","overlay-gradient":""},"mobile":{"background-color":"var(--ast-global-color-5)","background-image":"","background-repeat":"repeat","background-position":"center center","background-size":"auto","background-attachment":"scroll","background-type":"","background-media":"","overlay-type":"","overlay-color":"","overlay-opacity":"","overlay-gradient":""}}},"product_brand":[],"product_cat":[39],"product_tag":[],"class_list":{"0":"post-5903","1":"product","2":"type-product","3":"status-publish","4":"has-post-thumbnail","6":"product_cat-vitalidad-energia","7":"desktop-align-left","8":"tablet-align-left","9":"mobile-align-left","11":"first","12":"outofstock","13":"featured","14":"shipping-taxable","15":"purchasable","16":"product-type-simple"},"_links":{"self":[{"href":"https:\/\/naturalbotaniclaceiba.com\/index.php\/wp-json\/wp\/v2\/product\/5903","targetHints":{"allow":["GET"]}}],"collection":[{"href":"https:\/\/naturalbotaniclaceiba.com\/index.php\/wp-json\/wp\/v2\/product"}],"about":[{"href":"https:\/\/naturalbotaniclaceiba.com\/index.php\/wp-json\/wp\/v2\/types\/product"}],"wp:featuredmedia":[{"embeddable":true,"href":"https:\/\/naturalbotaniclaceiba.com\/index.php\/wp-json\/wp\/v2\/media\/5905"}],"wp:attachment":[{"href":"https:\/\/naturalbotaniclaceiba.com\/index.php\/wp-json\/wp\/v2\/media?parent=5903"}],"wp:term":[{"taxonomy":"product_brand","embeddable":true,"href":"https:\/\/naturalbotaniclaceiba.com\/index.php\/wp-json\/wp\/v2\/product_brand?post=5903"},{"taxonomy":"product_cat","embeddable":true,"href":"https:\/\/naturalbotaniclaceiba.com\/index.php\/wp-json\/wp\/v2\/product_cat?post=5903"},{"taxonomy":"product_tag","embeddable":true,"href":"https:\/\/naturalbotaniclaceiba.com\/index.php\/wp-json\/wp\/v2\/product_tag?post=5903"}],"curies":[{"name":"wp","href":"https:\/\/api.w.org\/{rel}","templated":true}]}}