{"id":6124,"date":"2023-11-08T02:46:03","date_gmt":"2023-11-08T02:46:03","guid":{"rendered":"https:\/\/naturalbotaniclaceiba.com\/?post_type=product&#038;p=6124"},"modified":"2024-10-12T04:30:43","modified_gmt":"2024-10-12T04:30:43","slug":"potassium-magnesium","status":"publish","type":"product","link":"https:\/\/naturalbotaniclaceiba.com\/index.php\/product\/potassium-magnesium\/","title":{"rendered":"Potassium &#038; Magnesium"},"content":{"rendered":"<h3><b>Beneficios:<\/b><\/h3>\n<p>El cuerpo usa magnesio para una amplia gama de reacciones<br \/>\nbiol\u00f3gicas esenciales. Promueve la salud card\u00edaca, arterial, \u00f3sea, muscular y m\u00e1s. El magnesio<br \/>\nayuda a mantener los niveles de presi\u00f3n arterial que ya se encuentran dentro del rango normal<br \/>\nal relajar los m\u00fasculos lisos de los vasos sangu\u00edneos y favorecer la funci\u00f3n de los vasos<br \/>\nsangu\u00edneos. Tambi\u00e9n ayuda a inhibir la inflamaci\u00f3n para reforzar la salud arterial.<\/p>\n<p>El magnesio tambi\u00e9n ayuda a transportar potasio y calcio a trav\u00e9s de las membranas celulares,<br \/>\nlo cual promueve ritmos card\u00edacos saludables y favorece la salud cardiovascular. El Potasio con<br \/>\nmagnesio de liberaci\u00f3n prolongada est\u00e1 elaborado con \u00f3xido y citrato de magnesio. Este<br \/>\nproducto est\u00e1 optimizado para lograr una absorci\u00f3n inmediata y prolongada, a fin de garantizar<br \/>\nque obtenga los m\u00e1ximos beneficios para la salud.<\/p>\n<p>El potasio, un mineral hermano del magnesio<br \/>\nEl potasio participa en muchas de las mismas reacciones biol\u00f3gicas que el magnesio. Al actuar<br \/>\ncomo un contrapeso del sodio, favorece la vasodilataci\u00f3n, es decir, la expansi\u00f3n de los vasos<br \/>\nsangu\u00edneos. Esto, a su vez, fomenta un flujo sangu\u00edneo saludable. El potasio tambi\u00e9n estimula<br \/>\nal cuerpo a expulsar el sodio a trav\u00e9s de la orina, lo que favorece la salud cardiovascular.<\/p>\n<h3><b>Contraindicaciones:<\/b><\/h3>\n<p>Si se toma en dosis altas, el magnesio puede tener un efecto laxante. Si esto ocurre, divida la<br \/>\ndosis, reduzca la ingesta o descontin\u00fae el uso del producto.<br \/>\n\u25cf Mantenga fuera del alcance de los ni\u00f1os.<br \/>\n\u25cf No exceda la dosis recomendada.<br \/>\n\u25cf No compre el producto si el sello de seguridad est\u00e1 roto o da\u00f1ado.<br \/>\n\u25cf Consulte con un m\u00e9dico antes de utilizar suplementos nutricionales si se encuentra bajo<br \/>\ntratamiento por alguna afecci\u00f3n m\u00e9dica o si est\u00e1 embarazada o lactando.<\/p>\n","protected":false},"excerpt":{"rendered":"<h3><b>Composici\u00f3n:<\/b><\/h3>\n<p>Magnesio (en forma de<br \/>\n\u00f3xido y citrato de<br \/>\nmagnesio Z\u00fcmXR\u00ae)<br \/>\n250 mg 60 %<br \/>\nPotasio (en forma de<br \/>\ncloruro de potasio)<br \/>\n99 mg 2<\/p>\n<h3><b>Presentaci\u00f3n:<\/b><\/h3>\n<ul>\n<li>Contenido 60 c\u00e1psulas.<\/li>\n<\/ul>\n<h3><b>Dosis:<\/b><\/h3>\n<ul>\n<li>(1) c\u00e1psula una o dos veces por d\u00eda o seg\u00fan las recomendaciones<br \/>\nde un profesional de la salud.<\/li>\n<\/ul>\n","protected":false},"featured_media":6125,"template":"","meta":{"site-sidebar-layout":"default","site-content-layout":"default","ast-site-content-layout":"default","site-content-style":"default","site-sidebar-style":"default","ast-global-header-display":"","ast-banner-title-visibility":"","ast-main-header-display":"","ast-hfb-above-header-display":"","ast-hfb-below-header-display":"","ast-hfb-mobile-header-display":"","site-post-title":"","ast-breadcrumbs-content":"","ast-featured-img":"","footer-sml-layout":"","theme-transparent-header-meta":"default","adv-header-id-meta":"","stick-header-meta":"","header-above-stick-meta":"","header-main-stick-meta":"","header-below-stick-meta":"","astra-migrate-meta-layouts":"default","ast-page-background-enabled":"default","ast-page-background-meta":{"desktop":{"background-color":"","background-image":"","background-repeat":"repeat","background-position":"center center","background-size":"auto","background-attachment":"scroll","background-type":"","background-media":"","overlay-type":"","overlay-color":"","overlay-opacity":"","overlay-gradient":""},"tablet":{"background-color":"","background-image":"","background-repeat":"repeat","background-position":"center center","background-size":"auto","background-attachment":"scroll","background-type":"","background-media":"","overlay-type":"","overlay-color":"","overlay-opacity":"","overlay-gradient":""},"mobile":{"background-color":"","background-image":"","background-repeat":"repeat","background-position":"center center","background-size":"auto","background-attachment":"scroll","background-type":"","background-media":"","overlay-type":"","overlay-color":"","overlay-opacity":"","overlay-gradient":""}},"ast-content-background-meta":{"desktop":{"background-color":"var(--ast-global-color-5)","background-image":"","background-repeat":"repeat","background-position":"center center","background-size":"auto","background-attachment":"scroll","background-type":"","background-media":"","overlay-type":"","overlay-color":"","overlay-opacity":"","overlay-gradient":""},"tablet":{"background-color":"var(--ast-global-color-5)","background-image":"","background-repeat":"repeat","background-position":"center center","background-size":"auto","background-attachment":"scroll","background-type":"","background-media":"","overlay-type":"","overlay-color":"","overlay-opacity":"","overlay-gradient":""},"mobile":{"background-color":"var(--ast-global-color-5)","background-image":"","background-repeat":"repeat","background-position":"center center","background-size":"auto","background-attachment":"scroll","background-type":"","background-media":"","overlay-type":"","overlay-color":"","overlay-opacity":"","overlay-gradient":""}}},"product_brand":[],"product_cat":[59],"product_tag":[],"class_list":{"0":"post-6124","1":"product","2":"type-product","3":"status-publish","4":"has-post-thumbnail","6":"product_cat-sistema-estrucutural","7":"desktop-align-left","8":"tablet-align-left","9":"mobile-align-left","11":"first","12":"outofstock","13":"featured","14":"shipping-taxable","15":"purchasable","16":"product-type-simple"},"_links":{"self":[{"href":"https:\/\/naturalbotaniclaceiba.com\/index.php\/wp-json\/wp\/v2\/product\/6124","targetHints":{"allow":["GET"]}}],"collection":[{"href":"https:\/\/naturalbotaniclaceiba.com\/index.php\/wp-json\/wp\/v2\/product"}],"about":[{"href":"https:\/\/naturalbotaniclaceiba.com\/index.php\/wp-json\/wp\/v2\/types\/product"}],"wp:featuredmedia":[{"embeddable":true,"href":"https:\/\/naturalbotaniclaceiba.com\/index.php\/wp-json\/wp\/v2\/media\/6125"}],"wp:attachment":[{"href":"https:\/\/naturalbotaniclaceiba.com\/index.php\/wp-json\/wp\/v2\/media?parent=6124"}],"wp:term":[{"taxonomy":"product_brand","embeddable":true,"href":"https:\/\/naturalbotaniclaceiba.com\/index.php\/wp-json\/wp\/v2\/product_brand?post=6124"},{"taxonomy":"product_cat","embeddable":true,"href":"https:\/\/naturalbotaniclaceiba.com\/index.php\/wp-json\/wp\/v2\/product_cat?post=6124"},{"taxonomy":"product_tag","embeddable":true,"href":"https:\/\/naturalbotaniclaceiba.com\/index.php\/wp-json\/wp\/v2\/product_tag?post=6124"}],"curies":[{"name":"wp","href":"https:\/\/api.w.org\/{rel}","templated":true}]}}