{"id":6925,"date":"2025-05-15T16:25:58","date_gmt":"2025-05-15T16:25:58","guid":{"rendered":"https:\/\/naturalbotaniclaceiba.com\/?post_type=product&#038;p=6925"},"modified":"2025-05-16T14:17:05","modified_gmt":"2025-05-16T14:17:05","slug":"nmn-18000-mg","status":"publish","type":"product","link":"https:\/\/naturalbotaniclaceiba.com\/index.php\/product\/nmn-18000-mg\/","title":{"rendered":"NMN 18,000 mg"},"content":{"rendered":"<h3><b>Beneficios:<\/b><\/h3>\n<ul>\n<li class=\"\" data-start=\"714\" data-end=\"768\">\n<p class=\"\" data-start=\"716\" data-end=\"768\">Estimula la producci\u00f3n de energ\u00eda a nivel celular.<\/p>\n<\/li>\n<li class=\"\" data-start=\"769\" data-end=\"819\">\n<p class=\"\" data-start=\"771\" data-end=\"819\">Apoya la longevidad y la funci\u00f3n mitocondrial.<\/p>\n<\/li>\n<li class=\"\" data-start=\"820\" data-end=\"873\">\n<p class=\"\" data-start=\"822\" data-end=\"873\">Favorece la salud cognitiva y la claridad mental.<\/p>\n<\/li>\n<li class=\"\" data-start=\"874\" data-end=\"943\">\n<p class=\"\" data-start=\"876\" data-end=\"943\">Puede ayudar a mejorar la resistencia f\u00edsica y reducir la fatiga.<\/p>\n<\/li>\n<\/ul>\n<h3><b>Contraindicaciones:<\/b><\/h3>\n<ul>\n<li class=\"\" data-start=\"1145\" data-end=\"1188\">\n<p class=\"\" data-start=\"1147\" data-end=\"1188\">No recomendado para menores de 18 a\u00f1os.<\/p>\n<\/li>\n<li class=\"\" data-start=\"1189\" data-end=\"1286\">\n<p class=\"\" data-start=\"1191\" data-end=\"1286\">Consultar con un m\u00e9dico antes de usar si est\u00e1 embarazada, lactando o bajo tratamiento m\u00e9dico.<\/p>\n<\/li>\n<li class=\"\" data-start=\"1287\" data-end=\"1323\">\n<p class=\"\" data-start=\"1289\" data-end=\"1323\">No exceder la dosis recomendada.<\/p>\n<\/li>\n<li class=\"\" data-start=\"1324\" data-end=\"1396\">\n<p class=\"\" data-start=\"1326\" data-end=\"1396\">Almacenar en un lugar fresco y seco, fuera del alcance de los ni\u00f1os.<\/p>\n<\/li>\n<\/ul>\n","protected":false},"excerpt":{"rendered":"<h3><b>Composici\u00f3n:<\/b><\/h3>\n<ul>\n<li>Cada c\u00e1psula contiene 200 mg de Nicotinamida Mononucle\u00f3tido (NMN), precursor directo del NAD+, esencial para la producci\u00f3n de energ\u00eda celular y procesos antienvejecimiento. Dosis total por envase: 18,000 mg.<\/li>\n<\/ul>\n<h3><b>Presentaci\u00f3n:<\/b><\/h3>\n<ul>\n<li>Frasco con 90 c\u00e1psulas vegetales<\/li>\n<\/ul>\n<h3><b>Dosis:<\/b><\/h3>\n<ul>\n<li>Tomar 1 c\u00e1psula de 1 a 2 veces al d\u00eda con alimentos.<\/li>\n<li><strong data-start=\"945\" data-end=\"961\">Modo de uso:<\/strong> Ingerir 1 c\u00e1psula al d\u00eda, preferiblemente por la ma\u00f1ana. Para mejores resultados, puede tomarse hasta 2 c\u00e1psulas al d\u00eda bajo supervisi\u00f3n m\u00e9dica.<\/li>\n<\/ul>\n","protected":false},"featured_media":6926,"template":"","meta":{"site-sidebar-layout":"default","site-content-layout":"default","ast-site-content-layout":"default","site-content-style":"default","site-sidebar-style":"default","ast-global-header-display":"","ast-banner-title-visibility":"","ast-main-header-display":"","ast-hfb-above-header-display":"","ast-hfb-below-header-display":"","ast-hfb-mobile-header-display":"","site-post-title":"","ast-breadcrumbs-content":"","ast-featured-img":"","footer-sml-layout":"","theme-transparent-header-meta":"default","adv-header-id-meta":"","stick-header-meta":"","header-above-stick-meta":"","header-main-stick-meta":"","header-below-stick-meta":"","astra-migrate-meta-layouts":"default","ast-page-background-enabled":"default","ast-page-background-meta":{"desktop":{"background-color":"","background-image":"","background-repeat":"repeat","background-position":"center center","background-size":"auto","background-attachment":"scroll","background-type":"","background-media":"","overlay-type":"","overlay-color":"","overlay-opacity":"","overlay-gradient":""},"tablet":{"background-color":"","background-image":"","background-repeat":"repeat","background-position":"center center","background-size":"auto","background-attachment":"scroll","background-type":"","background-media":"","overlay-type":"","overlay-color":"","overlay-opacity":"","overlay-gradient":""},"mobile":{"background-color":"","background-image":"","background-repeat":"repeat","background-position":"center center","background-size":"auto","background-attachment":"scroll","background-type":"","background-media":"","overlay-type":"","overlay-color":"","overlay-opacity":"","overlay-gradient":""}},"ast-content-background-meta":{"desktop":{"background-color":"var(--ast-global-color-5)","background-image":"","background-repeat":"repeat","background-position":"center center","background-size":"auto","background-attachment":"scroll","background-type":"","background-media":"","overlay-type":"","overlay-color":"","overlay-opacity":"","overlay-gradient":""},"tablet":{"background-color":"var(--ast-global-color-5)","background-image":"","background-repeat":"repeat","background-position":"center center","background-size":"auto","background-attachment":"scroll","background-type":"","background-media":"","overlay-type":"","overlay-color":"","overlay-opacity":"","overlay-gradient":""},"mobile":{"background-color":"var(--ast-global-color-5)","background-image":"","background-repeat":"repeat","background-position":"center center","background-size":"auto","background-attachment":"scroll","background-type":"","background-media":"","overlay-type":"","overlay-color":"","overlay-opacity":"","overlay-gradient":""}}},"product_brand":[],"product_cat":[30],"product_tag":[],"class_list":{"0":"post-6925","1":"product","2":"type-product","3":"status-publish","4":"has-post-thumbnail","6":"product_cat-suplementos-alimenticios","7":"desktop-align-left","8":"tablet-align-left","9":"mobile-align-left","11":"first","12":"instock","13":"featured","14":"shipping-taxable","15":"purchasable","16":"product-type-simple"},"_links":{"self":[{"href":"https:\/\/naturalbotaniclaceiba.com\/index.php\/wp-json\/wp\/v2\/product\/6925","targetHints":{"allow":["GET"]}}],"collection":[{"href":"https:\/\/naturalbotaniclaceiba.com\/index.php\/wp-json\/wp\/v2\/product"}],"about":[{"href":"https:\/\/naturalbotaniclaceiba.com\/index.php\/wp-json\/wp\/v2\/types\/product"}],"wp:featuredmedia":[{"embeddable":true,"href":"https:\/\/naturalbotaniclaceiba.com\/index.php\/wp-json\/wp\/v2\/media\/6926"}],"wp:attachment":[{"href":"https:\/\/naturalbotaniclaceiba.com\/index.php\/wp-json\/wp\/v2\/media?parent=6925"}],"wp:term":[{"taxonomy":"product_brand","embeddable":true,"href":"https:\/\/naturalbotaniclaceiba.com\/index.php\/wp-json\/wp\/v2\/product_brand?post=6925"},{"taxonomy":"product_cat","embeddable":true,"href":"https:\/\/naturalbotaniclaceiba.com\/index.php\/wp-json\/wp\/v2\/product_cat?post=6925"},{"taxonomy":"product_tag","embeddable":true,"href":"https:\/\/naturalbotaniclaceiba.com\/index.php\/wp-json\/wp\/v2\/product_tag?post=6925"}],"curies":[{"name":"wp","href":"https:\/\/api.w.org\/{rel}","templated":true}]}}